{"id":94,"date":"2022-05-25T12:39:07","date_gmt":"2022-05-25T12:39:07","guid":{"rendered":"https:\/\/delmser-wasser.de\/?page_id=94"},"modified":"2023-01-16T20:17:29","modified_gmt":"2023-01-16T20:17:29","slug":"planauskunft","status":"publish","type":"page","link":"https:\/\/www.delmser-wasser.de\/?page_id=94","title":{"rendered":"Planauskunft"},"content":{"rendered":"<p>[et_pb_section fb_built=&#8220;1&#8243; _builder_version=&#8220;4.19.4&#8243; background_color=&#8220;#478AC1&#8243; custom_padding=&#8220;0px|||||&#8220; global_colors_info=&#8220;{}&#8220;][et_pb_row _builder_version=&#8220;4.16&#8243; background_size=&#8220;initial&#8220; background_position=&#8220;top_left&#8220; background_repeat=&#8220;repeat&#8220; global_colors_info=&#8220;{}&#8220;][et_pb_column type=&#8220;4_4&#8243; _builder_version=&#8220;4.16&#8243; custom_padding=&#8220;|||&#8220; global_colors_info=&#8220;{}&#8220; custom_padding__hover=&#8220;|||&#8220;][et_pb_text _builder_version=&#8220;4.19.4&#8243; background_color=&#8220;#FFFFFF&#8220; background_size=&#8220;initial&#8220; background_position=&#8220;top_left&#8220; background_repeat=&#8220;repeat&#8220; border_width_all=&#8220;20px&#8220; border_color_all=&#8220;#FFFFFF&#8220; global_colors_info=&#8220;{}&#8220;]<!-- divi:paragraph --><\/p>\n<p>Um eine Planauskunft zu erhalten, nehmen Sie bitte Kontakt mit unserem Dienstleister auf.<\/p>\n<p>Bitte pr\u00fcfen Sie vor der Kontaktaufnahme ob der Wasserverin Delmsen e.V. \u00fcberhaupt in dem abzufragenden Gebiet zust\u00e4ndig ist.<\/p>\n<p>Eine Karte zum Versorgungsgebiet finden SIe <a href=\"https:\/\/delmser-wasser.de\/?page_id=74\">hier<\/a>.<\/p>\n<p><strong>Kontakt:<\/strong><\/p>\n<p>Tel: +49 5195 4729879<\/p>\n<p>E-Mail: <a href=\"mailto:planauskunft@delmser-wasser.de\">planauskunft@delmser-wasser.de<\/a><\/p>\n<p><!-- \/divi:paragraph --><!-- divi:paragraph --><!-- \/divi:paragraph --><!-- divi:paragraph --><!-- \/divi:paragraph --><!-- divi:paragraph --><!-- \/divi:paragraph -->[\/et_pb_text][\/et_pb_column][\/et_pb_row][\/et_pb_section]<\/p>\n","protected":false},"excerpt":{"rendered":"<p>Um eine Planauskunft zu erhalten, nehmen Sie bitte Kontakt mit unserem Dienstleister auf. Bitte pr\u00fcfen Sie vor der Kontaktaufnahme ob der Wasserverin Delmsen e.V. \u00fcberhaupt in dem abzufragenden Gebiet zust\u00e4ndig ist. Eine Karte zum Versorgungsgebiet finden SIe hier. Kontakt: Tel: +49 5195 4729879 E-Mail: planauskunft@delmser-wasser.de<\/p>\n","protected":false},"author":1,"featured_media":0,"parent":0,"menu_order":0,"comment_status":"closed","ping_status":"closed","template":"","meta":{"_et_pb_use_builder":"on","_et_pb_old_content":"<!-- wp:paragraph -->\n<p>Um eine Planauskunft zu erhalten, nehmen Sie bitte Kontakt mit dem 1. Vorsitzenden auf:<br><br>Manfred Stein<br>E-Mail: <a href=\"mailto:info@delmser-wasser.de\">info@delmser-wasser.de<\/a><br>Tel: +49 5195 \/ 18 97<\/p>\n<!-- \/wp:paragraph -->\n\n<!-- wp:paragraph -->\n<p><\/p>\n<!-- \/wp:paragraph -->\n\n<!-- wp:paragraph -->\n<p>Bitte pr\u00fcfen Sie vor der Kontaktaufnahme ob der Wasserverin Delmsen e.V. \u00fcberhaupt in dem abzufragenden Gebiet zust\u00e4ndig ist.<\/p>\n<!-- \/wp:paragraph -->\n\n<!-- wp:paragraph -->\n<p>Eine Karte zum Versorgungsgebiet finden SIe <a href=\"https:\/\/delmser-wasser.de\/?page_id=74\">hier<\/a>.<\/p>\n<!-- \/wp:paragraph -->","_et_gb_content_width":"","footnotes":""},"class_list":["post-94","page","type-page","status-publish","hentry"],"_links":{"self":[{"href":"https:\/\/www.delmser-wasser.de\/index.php?rest_route=\/wp\/v2\/pages\/94","targetHints":{"allow":["GET"]}}],"collection":[{"href":"https:\/\/www.delmser-wasser.de\/index.php?rest_route=\/wp\/v2\/pages"}],"about":[{"href":"https:\/\/www.delmser-wasser.de\/index.php?rest_route=\/wp\/v2\/types\/page"}],"author":[{"embeddable":true,"href":"https:\/\/www.delmser-wasser.de\/index.php?rest_route=\/wp\/v2\/users\/1"}],"replies":[{"embeddable":true,"href":"https:\/\/www.delmser-wasser.de\/index.php?rest_route=%2Fwp%2Fv2%2Fcomments&post=94"}],"version-history":[{"count":8,"href":"https:\/\/www.delmser-wasser.de\/index.php?rest_route=\/wp\/v2\/pages\/94\/revisions"}],"predecessor-version":[{"id":707,"href":"https:\/\/www.delmser-wasser.de\/index.php?rest_route=\/wp\/v2\/pages\/94\/revisions\/707"}],"wp:attachment":[{"href":"https:\/\/www.delmser-wasser.de\/index.php?rest_route=%2Fwp%2Fv2%2Fmedia&parent=94"}],"curies":[{"name":"wp","href":"https:\/\/api.w.org\/{rel}","templated":true}]}}