{"id":92,"date":"2022-05-25T12:38:21","date_gmt":"2022-05-25T12:38:21","guid":{"rendered":"https:\/\/delmser-wasser.de\/?page_id=92"},"modified":"2023-01-16T19:58:11","modified_gmt":"2023-01-16T19:58:11","slug":"zaehlerstand-uebermitteln","status":"publish","type":"page","link":"https:\/\/www.delmser-wasser.de\/?page_id=92","title":{"rendered":"Z\u00e4hlerstand"},"content":{"rendered":"<p>[et_pb_section fb_built=&#8220;1&#8243; _builder_version=&#8220;4.19.4&#8243; background_color=&#8220;#478AC1&#8243; global_colors_info=&#8220;{}&#8220; custom_padding=&#8220;0px|||||&#8220;][et_pb_row _builder_version=&#8220;4.16&#8243; background_size=&#8220;initial&#8220; background_position=&#8220;top_left&#8220; background_repeat=&#8220;repeat&#8220; global_colors_info=&#8220;{}&#8220;][et_pb_column type=&#8220;4_4&#8243; _builder_version=&#8220;4.16&#8243; custom_padding=&#8220;|||&#8220; global_colors_info=&#8220;{}&#8220; custom_padding__hover=&#8220;|||&#8220;][et_pb_text _builder_version=&#8220;4.19.4&#8243; background_color=&#8220;#FFFFFF&#8220; background_size=&#8220;initial&#8220; background_position=&#8220;top_left&#8220; background_repeat=&#8220;repeat&#8220; border_width_all=&#8220;20px&#8220; border_color_all=&#8220;#FFFFFF&#8220; global_colors_info=&#8220;{}&#8220;]<\/p>\n<p><!-- divi:heading --><\/p>\n<p><strong><mark style=\"background-color: rgba(0, 0, 0, 0);\" class=\"has-inline-color has-black-color\">Z\u00e4hlerstand online \u00dcbermitteln:<\/mark><\/strong><\/p>\n<p><!-- \/divi:heading --><!-- divi:paragraph -->Sie haben die M\u00f6glichkeit ihren Z\u00e4hlerstand ganz bequem online zu \u00fcbermitteln.<\/p>\n<p><!-- \/divi:paragraph --><!-- divi:paragraph --><a href=\"https:\/\/delmser-wasser.de\/?page_id=265\">Z\u00e4hlerstand online \u00fcbermitteln<\/a><\/p>\n<p><!-- \/divi:paragraph --><!-- divi:paragraph --><!-- \/divi:paragraph --><!-- divi:heading --><\/p>\n<p><strong><mark style=\"background-color: rgba(0, 0, 0, 0);\" class=\"has-inline-color has-black-color\">Z\u00e4hlerstand analog \u00dcbermitteln:<\/mark><\/strong><\/p>\n<p><!-- \/divi:heading --><!-- divi:paragraph -->Nat\u00fcrlich k\u00f6nnen sie ihren Z\u00e4hlertsand auch analog \u00fcbermitteln.<br \/>Laden sie dazu einfach das \u00dcbermittlungsformular herunter und schicken sie es ausgef\u00fcllt<\/p>\n<p><!-- \/divi:paragraph --><!-- divi:paragraph --><a href=\"https:\/\/www.delmser-wasser.de\/wp-content\/uploads\/2022\/12\/Zaehlerstand.pdf\" target=\"_blank\" rel=\"noopener noreferrer\">Download Formular: &#8222;Z\u00e4hlerstand&#8220;<\/a><\/p>\n<p><!-- \/divi:paragraph --><!-- divi:paragraph -->per Mail an:<\/p>\n<p><!-- \/divi:paragraph --><!-- divi:paragraph --><a href=\"mailto:info@delmser-wasser.de\">zaehlerstand@delmser-wasser.de<\/a><\/p>\n<p><!-- \/divi:paragraph --><!-- divi:paragraph -->oder per Brief an:<\/p>\n<p><!-- \/divi:paragraph --><!-- divi:paragraph -->Wasserversorgungsanlage Delmsen e.V<br \/>z.H. Manfred Stein<br \/>Uppen Drohm 5<br \/>29643 Neuenkirchen<\/p>\n<p>&nbsp;<\/p>\n<p><!-- \/divi:paragraph --><\/p>\n<p>[\/et_pb_text][\/et_pb_column][\/et_pb_row][\/et_pb_section]<\/p>\n","protected":false},"excerpt":{"rendered":"<p>Z\u00e4hlerstand online \u00dcbermitteln: Sie haben die M\u00f6glichkeit ihren Z\u00e4hlerstand ganz bequem online zu \u00fcbermitteln. Z\u00e4hlerstand online \u00fcbermitteln Z\u00e4hlerstand analog \u00dcbermitteln: Nat\u00fcrlich k\u00f6nnen sie ihren Z\u00e4hlertsand auch analog \u00fcbermitteln.Laden sie dazu einfach das \u00dcbermittlungsformular herunter und schicken sie es ausgef\u00fcllt Download Formular: &#8222;Z\u00e4hlerstand&#8220; per Mail an: zaehlerstand@delmser-wasser.de oder per Brief an: Wasserversorgungsanlage Delmsen e.Vz.H. Manfred SteinUppen [&hellip;]<\/p>\n","protected":false},"author":1,"featured_media":0,"parent":0,"menu_order":0,"comment_status":"closed","ping_status":"closed","template":"","meta":{"_et_pb_use_builder":"on","_et_pb_old_content":"<!-- wp:heading -->\n<h2><strong><mark style=\"background-color:rgba(0, 0, 0, 0)\" class=\"has-inline-color has-black-color\">Z\u00e4hlerstand online \u00dcbermitteln<\/mark><\/strong><\/h2>\n<!-- \/wp:heading -->\n\n<!-- wp:paragraph -->\n<p>Sie haben die M\u00f6glichkeit ihren Z\u00e4hlerstand ganz bequem online zu \u00fcbermitteln.<\/p>\n<!-- \/wp:paragraph -->\n\n<!-- wp:paragraph -->\n<p><a href=\"https:\/\/delmser-wasser.de\/?page_id=265\">Z\u00e4hlerstand online \u00fcbermitteln<\/a><\/p>\n<!-- \/wp:paragraph -->\n\n<!-- wp:paragraph -->\n<p><\/p>\n<!-- \/wp:paragraph -->\n\n<!-- wp:heading -->\n<h2><strong><mark style=\"background-color:rgba(0, 0, 0, 0)\" class=\"has-inline-color has-black-color\">Z\u00e4hlerstand analog \u00dcbermitteln<\/mark><\/strong><\/h2>\n<!-- \/wp:heading -->\n\n<!-- wp:paragraph -->\n<p>Nat\u00fcrlich k\u00f6nnen sie ihren Z\u00e4hlertsand auch analog \u00fcbermitteln.<br>Laden sie dazu einfach das \u00dcbermittlungsformular herunter und schicken sie es ausgef\u00fcllt<\/p>\n<!-- \/wp:paragraph -->\n\n<!-- wp:paragraph -->\n<p><a href=\"https:\/\/delmser-wasser.de\/wp-content\/uploads\/2022\/08\/Zaehlerstand.pdf\" target=\"_blank\" rel=\"noreferrer noopener\">Download Formular: \"Z\u00e4hlerstand\"<\/a><\/p>\n<!-- \/wp:paragraph -->\n\n<!-- wp:paragraph -->\n<p>per Mail an:<\/p>\n<!-- \/wp:paragraph -->\n\n<!-- wp:paragraph -->\n<p><a href=\"mailto:info@delmser-wasser.de\">info@delmser-wasser.de<\/a><\/p>\n<!-- \/wp:paragraph -->\n\n<!-- wp:paragraph -->\n<p>oder per Brief an:<\/p>\n<!-- \/wp:paragraph -->\n\n<!-- wp:paragraph -->\n<p>Wasserversorgungsanlage Delmsen e.V<br>z.H. Manfred Stein<br>Uppen Drohm 5<br>29643 Neuenkirchen<\/p>\n<!-- \/wp:paragraph -->","_et_gb_content_width":"","footnotes":""},"class_list":["post-92","page","type-page","status-publish","hentry"],"_links":{"self":[{"href":"https:\/\/www.delmser-wasser.de\/index.php?rest_route=\/wp\/v2\/pages\/92","targetHints":{"allow":["GET"]}}],"collection":[{"href":"https:\/\/www.delmser-wasser.de\/index.php?rest_route=\/wp\/v2\/pages"}],"about":[{"href":"https:\/\/www.delmser-wasser.de\/index.php?rest_route=\/wp\/v2\/types\/page"}],"author":[{"embeddable":true,"href":"https:\/\/www.delmser-wasser.de\/index.php?rest_route=\/wp\/v2\/users\/1"}],"replies":[{"embeddable":true,"href":"https:\/\/www.delmser-wasser.de\/index.php?rest_route=%2Fwp%2Fv2%2Fcomments&post=92"}],"version-history":[{"count":18,"href":"https:\/\/www.delmser-wasser.de\/index.php?rest_route=\/wp\/v2\/pages\/92\/revisions"}],"predecessor-version":[{"id":710,"href":"https:\/\/www.delmser-wasser.de\/index.php?rest_route=\/wp\/v2\/pages\/92\/revisions\/710"}],"wp:attachment":[{"href":"https:\/\/www.delmser-wasser.de\/index.php?rest_route=%2Fwp%2Fv2%2Fmedia&parent=92"}],"curies":[{"name":"wp","href":"https:\/\/api.w.org\/{rel}","templated":true}]}}