{"id":76,"date":"2022-05-25T12:20:56","date_gmt":"2022-05-25T12:20:56","guid":{"rendered":"https:\/\/delmser-wasser.de\/?page_id=76"},"modified":"2025-08-01T06:53:30","modified_gmt":"2025-08-01T06:53:30","slug":"preisinformationen","status":"publish","type":"page","link":"https:\/\/www.delmser-wasser.de\/?page_id=76","title":{"rendered":"Preise"},"content":{"rendered":"<p>[et_pb_section fb_built=&#8220;1&#8243; _builder_version=&#8220;4.27.2&#8243; background_color=&#8220;#478ac1&#8243; custom_padding=&#8220;26px||77px|||&#8220; global_colors_info=&#8220;{}&#8220;][et_pb_row _builder_version=&#8220;4.27.2&#8243; background_color=&#8220;#ffffff&#8220; background_size=&#8220;initial&#8220; background_position=&#8220;top_left&#8220; background_repeat=&#8220;repeat&#8220; global_colors_info=&#8220;{}&#8220;][et_pb_column type=&#8220;4_4&#8243; _builder_version=&#8220;4.16&#8243; custom_padding=&#8220;|||&#8220; global_colors_info=&#8220;{}&#8220; custom_padding__hover=&#8220;|||&#8220;][et_pb_text _builder_version=&#8220;4.27.2&#8243; background_size=&#8220;initial&#8220; background_position=&#8220;top_left&#8220; background_repeat=&#8220;repeat&#8220; custom_margin=&#8220;|20px|0px|20px|false|false&#8220; global_colors_info=&#8220;{}&#8220;]<\/p>\n<figure class=\"wp-block-table\">\n<table>\n<tbody>\n<tr>\n<td><strong>Leistung<\/strong><\/td>\n<td class=\"has-text-align-right\" data-align=\"right\"><strong>Nettopreise<\/strong><\/td>\n<td class=\"has-text-align-right\" data-align=\"right\"><strong>Endpreis inklusive 7% MWSt.<\/strong><\/td>\n<\/tr>\n<tr>\n<td>Wasserpreis je m\u00b3<\/td>\n<td class=\"has-text-align-right\" data-align=\"right\">0,80 \u20ac<\/td>\n<td class=\"has-text-align-right\" data-align=\"right\">0,86 \u20ac<\/td>\n<\/tr>\n<tr>\n<td>Grundbeitrag pro Jahr<\/td>\n<td class=\"has-text-align-right\" data-align=\"right\">60,00 \u20ac<\/td>\n<td class=\"has-text-align-right\" data-align=\"right\">64,20 \u20ac<\/td>\n<\/tr>\n<tr>\n<td>Anschlusskosten (bis 2 WE)<\/td>\n<td class=\"has-text-align-right\" data-align=\"right\">1.950,00 \u20ac<\/td>\n<td class=\"has-text-align-right\" data-align=\"right\">2.086,50 \u20ac<\/td>\n<\/tr>\n<tr>\n<td>Anschlusskosten (ab der 3. WE)<\/td>\n<td class=\"has-text-align-right\" data-align=\"right\">300,00 \u20ac<\/td>\n<td class=\"has-text-align-right\" data-align=\"right\">321,00 \u20ac<\/td>\n<\/tr>\n<tr>\n<td>Bauwasser pauschal mind.<\/td>\n<td class=\"has-text-align-right\" data-align=\"right\">50,00 \u20ac<\/td>\n<td class=\"has-text-align-right\" data-align=\"right\">53,50 \u20ac<\/td>\n<\/tr>\n<tr>\n<td>Mahngeb\u00fchren<\/td>\n<td>3,00 \u20ac<\/td>\n<td>3,21 \u20ac<\/td>\n<\/tr>\n<tr>\n<td>Erinnerung Meldung Z\u00e4hlerst\u00e4nde<\/td>\n<td class=\"has-text-align-right\" data-align=\"right\">10,00 \u20ac<\/td>\n<td class=\"has-text-align-right\" data-align=\"right\">10,70 \u20ac<\/td>\n<\/tr>\n<tr>\n<td>Bearbeitungsgeb\u00fchren Rechnungen *<\/td>\n<td class=\"has-text-align-right\" data-align=\"right\">10,00 \u20ac<\/td>\n<td class=\"has-text-align-right\" data-align=\"right\">10,70 \u20ac<\/td>\n<\/tr>\n<\/tbody>\n<\/table><figcaption class=\"wp-element-caption\"><strong>Preisliste (Stand: 01.08.2025)<\/strong><\/figcaption><\/figure>\n<p><!-- \/divi:table --><!-- divi:paragraph --><\/p>\n<p>* Aus Vereinfachungsgr\u00fcnden werden die Wasserpreise und Grundbeitr\u00e4ge viertelj\u00e4hrlich im Lastschriftverfahren (SEPA-Lastschriftmandat erforderlich) eingezogen. Die Abschl\u00e4ge orientieren sich i.d.R. am Vorjahresverbrauch und werden automatisch angepasst. Wer von diesem Standard-verfahren abweichen m\u00f6chte zahlt f\u00fcr den erh\u00f6hten Arbeitsanfall eine Bearbeitungsgeb\u00fchr. Diese entf\u00e4llt bei Nutzung des Lastschriftverfahrens.<\/p>\n<p>&nbsp;<\/p>\n<p>&nbsp;<\/p>\n<p><!-- \/divi:paragraph -->[\/et_pb_text][\/et_pb_column][\/et_pb_row][\/et_pb_section]<\/p>\n","protected":false},"excerpt":{"rendered":"<p>Leistung Nettopreise Endpreis inklusive 7% MWSt. Wasserpreis je m\u00b3 0,80 \u20ac 0,86 \u20ac Grundbeitrag pro Jahr 60,00 \u20ac 64,20 \u20ac Anschlusskosten (bis 2 WE) 1.950,00 \u20ac 2.086,50 \u20ac Anschlusskosten (ab der 3. WE) 300,00 \u20ac 321,00 \u20ac Bauwasser pauschal mind. 50,00 \u20ac 53,50 \u20ac Mahngeb\u00fchren 3,00 \u20ac 3,21 \u20ac Erinnerung Meldung Z\u00e4hlerst\u00e4nde 10,00 \u20ac 10,70 [&hellip;]<\/p>\n","protected":false},"author":1,"featured_media":0,"parent":0,"menu_order":0,"comment_status":"closed","ping_status":"closed","template":"","meta":{"_et_pb_use_builder":"on","_et_pb_old_content":"<!-- wp:paragraph -->\n<p><\/p>\n<!-- \/wp:paragraph -->\n\n<!-- wp:table {\"hasFixedLayout\":false} -->\n<figure class=\"wp-block-table\"><table><tbody><tr><td><strong>Leistung<\/strong><\/td><td class=\"has-text-align-right\" data-align=\"right\"><strong>Nettopreise<\/strong><\/td><td class=\"has-text-align-right\" data-align=\"right\"><strong>Endpreis inklusive 7% MWSt.<\/strong><\/td><\/tr><tr><td>Wasserpreis je m\u00b3<\/td><td class=\"has-text-align-right\" data-align=\"right\">0,70 \u20ac<\/td><td class=\"has-text-align-right\" data-align=\"right\">0,75 \u20ac<\/td><\/tr><tr><td>Grundbeitrag pro Jahr<\/td><td class=\"has-text-align-right\" data-align=\"right\">60,00 \u20ac<\/td><td class=\"has-text-align-right\" data-align=\"right\">64,20 \u20ac<\/td><\/tr><tr><td>Anschlusskosten (bis 2 WE)<\/td><td class=\"has-text-align-right\" data-align=\"right\">1.950,00 \u20ac<\/td><td class=\"has-text-align-right\" data-align=\"right\">2.086,50 \u20ac<\/td><\/tr><tr><td>Anschlusskosten (ab der 3. WE)<\/td><td class=\"has-text-align-right\" data-align=\"right\">300,00 \u20ac<\/td><td class=\"has-text-align-right\" data-align=\"right\">53,50 \u20ac<\/td><\/tr><tr><td>Bauwasser pauschal mind.<\/td><td class=\"has-text-align-right\" data-align=\"right\">50,00 \u20ac<\/td><td class=\"has-text-align-right\" data-align=\"right\">3,21 \u20ac<\/td><\/tr><tr><td>Erinnerung Meldung Z\u00e4hlerst\u00e4nde<\/td><td class=\"has-text-align-right\" data-align=\"right\">10,00 \u20ac<\/td><td class=\"has-text-align-right\" data-align=\"right\">10,70 \u20ac<\/td><\/tr><tr><td>Bearbeitungsgeb\u00fchren Rechnungen *<\/td><td class=\"has-text-align-right\" data-align=\"right\">10,00 \u20ac<\/td><td class=\"has-text-align-right\" data-align=\"right\">10,70 \u20ac<\/td><\/tr><\/tbody><\/table><figcaption class=\"wp-element-caption\"><strong>Preisliste (Stand: 29.10.2024)<\/strong><\/figcaption><\/figure>\n<!-- \/wp:table -->\n\n<!-- wp:paragraph -->\n<p>* Aus Vereinfachungsgr\u00fcnden werden die Wasserpreise und Grundbeitr\u00e4ge viertelj\u00e4hrlich im Lastschriftverfahren (SEPA-Lastschriftmandat erforderlich) eingezogen. Die Abschl\u00e4ge orientieren sich i.d.R. am Vorjahresverbrauch und werden automatisch angepasst. Wer von diesem Standard-verfahren abweichen m\u00f6chte zahlt f\u00fcr den erh\u00f6hten Arbeitsanfall eine Bearbeitungsgeb\u00fchr. Diese entf\u00e4llt bei Nutzung des Lastschriftverfahrens.<\/p>\n<!-- \/wp:paragraph -->","_et_gb_content_width":"","footnotes":""},"class_list":["post-76","page","type-page","status-publish","hentry"],"_links":{"self":[{"href":"https:\/\/www.delmser-wasser.de\/index.php?rest_route=\/wp\/v2\/pages\/76","targetHints":{"allow":["GET"]}}],"collection":[{"href":"https:\/\/www.delmser-wasser.de\/index.php?rest_route=\/wp\/v2\/pages"}],"about":[{"href":"https:\/\/www.delmser-wasser.de\/index.php?rest_route=\/wp\/v2\/types\/page"}],"author":[{"embeddable":true,"href":"https:\/\/www.delmser-wasser.de\/index.php?rest_route=\/wp\/v2\/users\/1"}],"replies":[{"embeddable":true,"href":"https:\/\/www.delmser-wasser.de\/index.php?rest_route=%2Fwp%2Fv2%2Fcomments&post=76"}],"version-history":[{"count":28,"href":"https:\/\/www.delmser-wasser.de\/index.php?rest_route=\/wp\/v2\/pages\/76\/revisions"}],"predecessor-version":[{"id":815,"href":"https:\/\/www.delmser-wasser.de\/index.php?rest_route=\/wp\/v2\/pages\/76\/revisions\/815"}],"wp:attachment":[{"href":"https:\/\/www.delmser-wasser.de\/index.php?rest_route=%2Fwp%2Fv2%2Fmedia&parent=76"}],"curies":[{"name":"wp","href":"https:\/\/api.w.org\/{rel}","templated":true}]}}